f 26907222?
False
Is 32806464 a multiple of 136?
True
Is 373424890 a multiple of 10?
True
Is 602224 a multiple of 1064?
True
Is 682 a factor of 223955150?
False
Is 65 a factor of 177997807?
False
Is 106720100 a multiple of 10?
True
Is 81 a factor of 91638540?
True
Is 43 a factor of 195084488?
False
Is 4049363 a multiple of 167?
False
Does 13577 divide 1569949241?
True
Is 57073320 a multiple of 36?
True
Does 3772 divide 698382028?
True
Is 37636138 a multiple of 74?
False
Is 188108996 a multiple of 7?
False
Is 2001 a factor of 42506646?
False
Is 143461318 a multiple of 91?
True
Is 58368840 a multiple of 20?
True
Is 3 a factor of 87310516?
False
Is 2095 a factor of 1628698467?
False
Is 205359502 a multiple of 50?
False
Does 911 divide 70382038?
True
Is 11 a factor of 33375766?
False
Does 9 divide 2117009277?
True
Is 346994604 a multiple of 4356?
True
Does 140 divide 847764256?
False
Does 1024 divide 422133760?
True
Is 5701 a factor of 1051475401?
False
Does 300 divide 26672100?
True
Is 261 a factor of 32048973?
True
Does 1375 divide 40122535?
False
Does 12 divide 49929324?
True
Is 363294682 a multiple of 12?
False
Is 89 a factor of 47925877?
True
Does 2086 divide 577534132?
True
Does 32 divide 1960822?
False
Does 136 divide 4592951?
False
Is 23 a factor of 7076379?
False
Is 481 a factor of 6722557?
False
Is 442452648 a multiple of 164?
True
Is 44752400 a multiple of 22?
True
Is 14379012 a multiple of 3132?
True
Is 35 a factor of 116894192?
False
Is 136 a factor of 56797805?
False
Does 347 divide 87859706?
True
Does 473 divide 196635560?
True
Is 211852540 a multiple of 85?
False
Is 461229180 a multiple of 430?
True
Is 18 a factor of 166479498?
True
Is 65947284 a multiple of 1326?
True
Is 1100135376 a multiple of 1086?
True
Is 459032879 a multiple of 67?
True
Does 21 divide 133733606?
False
Is 3 a factor of 44780595?
True
Does 1376 divide 50142968?
False
Is 9 a factor of 232472178?
True
Does 45 divide 4970475?
True
Is 161359812 a multiple of 222?
True
Does 76 divide 318872268?
False
Is 12 a factor of 2782795284?
True
Is 183905146 a multiple of 877?
True
Does 114 divide 30500366?
False
Does 26 divide 128459361?
False
Is 110 a factor of 164452200?
True
Does 9 divide 231251427?
True
Is 14 a factor of 14468683?
False
Is 695471820 a multiple of 1080?
False
Does 194 divide 220200845?
False
Is 118874281 a multiple of 459?
False
Is 479 a factor of 1056671812?
False
Does 10 divide 153318330?
True
Is 8 a factor of 30620962?
False
Is 35 a factor of 2047309950?
True
Is 2567704698 a multiple of 117?
True
Does 79 divide 24995600?
True
Does 18 divide 3902094?
True
Is 90178 a multiple of 22?
True
Is 883617273 a multiple of 33?
True
Does 18 divide 134120068?
False
Is 110 a factor of 20590681?
False
Is 5085937 a multiple of 319?
False
Is 486884453 even?
False
Is 59 a factor of 297726685?
True
Is 1178 a factor of 281858882?
True
Is 6158484 a multiple of 12?
True
Does 1984 divide 23915136?
True
Does 336 divide 666780240?
True
Does 14 divide 47415495?
False
Is 94 a factor of 512009282?
False
Is 9 a factor of 80182944?
True
Does 53 divide 46691361?
False
Is 281 a factor of 45636648?
True
Is 1318973 even?
False
Is 8118858 a multiple of 12?
False
Does 45 divide 68023485?
True
Is 11 a factor of 214209956?
False
Is 32 a factor of 6481280?
True
Is 44226567 a multiple of 81?
True
Does 28 divide 13143676?
True
Is 430317084 a multiple of 71?
True
Does 5066 divide 86694458?
True
Does 2 divide 160807598?
True
Is 1898 a factor of 2631832646?
False
Is 23939685 a multiple of 3773?
True
Does 437 divide 24713224?
True
Is 495701808 a multiple of 48?
True
Does 192 divide 1432139712?
True
Is 7 a factor of 37488391?
False
Does 16 divide 1170706829?
False
Is 111291664 a multiple of 1012?
True
Does 32 divide 185653120?
True
Does 608 divide 150585444?
False
Does 5623 divide 459725234?
True
Is 13 a factor of 43688826?
False
Does 21 divide 304505282?
False
Is 1243 a factor of 26828912?
True
Is 821995120 a multiple of 4001?
False
Does 1501 divide 64349371?
True
Does 164 divide 188019112?
True
Does 637 divide 11263264?
False
Is 2008706970 a multiple of 15?
True
Is 86918890 a multiple of 16?
False
Is 67 a factor of 591454426?
True
Does 72 divide 19476211?
False
Is 536337532 even?
True
Does 179 divide 298059256?
False
Does 1508 divide 59086456?
True
Does 136 divide 56149504?
True
Is 2192 a factor of 572977840?
True
Does 26 divide 1706741607?
False
Is 1401 a factor of 120214627?
False
Is 184829921 a multiple of 613?
True
Is 4024 a factor of 2742637680?
True
Is 145 a factor of 412530246?
False
Is 34246674 a multiple of 198?
True
Is 2577185 a multiple of 5?
True
Is 11449048 a multiple of 283?
True
Is 79 a factor of 113389369?
False
Is 623 a factor of 30209270?
True
Is 56 a factor of 1201977448?
True
Does 25 divide 407651425?
True
Is 2587831 a multiple of 53?
True
Is 16790656 a multiple of 2791?
True
Is 14700882 a multiple of 62?
True
Is 83 a factor of 9928066?
False
Is 807640 a multiple of 193?
False
Is 81 a factor of 1468818725?
False
Is 4009 a factor of 168185568?
True
Is 139381 a multiple of 1483?
False
Is 484 a factor of 15414432?
True
Does 4263 divide 109132800?
True
Is 11 a factor of 14130842?
True
Is 16 a factor of 4147580?
False
Does 12 divide 52675674?
False
Is 37 a factor of 160779023?
True
Does 819 divide 88855767?
True
Does 21 divide 42631260?
True
Is 655 a factor of 13078913?
False
Is 127421532 a multiple of 3?
True
Is 1298 a factor of 35131668?
True
Is 24101105 a multiple of 97?
True
Is 33 a factor of 3842157?
True
Is 11 a factor of 17431262?
False
Does 4292 divide 129005729?
False
Does 95 divide 8401028?
False
Is 55410324 a multiple of 157?
True
Is 51 a factor of 783998571?
True
Is 18 a factor of 2948013?
False
Is 363 a factor of 52913421?
True
Does 4 divide 2580123?
False
Does 215 divide 107641758?
False
Does 47 divide 2470747?
False
Is 1369 a factor of 12296358?
True
Does 8 divide 123507054?
False
Is 322347533 a multiple of 237?
False
Is 126012415 a multiple of 121?
False
Is 65348203 a multiple of 5?
False
Is 504662233 a multiple of 4?
False
Is 2979056 a multiple of 39?
False
Is 318503855 a multiple of 445?
True
Is 41795040 a multiple of 3?
True
Is 441 a factor of 416226506?
False
Is 685826148 a multiple of 373?
True
Is 157354464 a multiple of 685?
False
Is 30714750 a multiple of 425?
True
Does 11 divide 91790488?
False
Does 3445 divide 375983855?
True
Does 441 divide 29209635?
True
Is 20 a factor of 6829238?
False
Does 3 divide 33914088?
True
Is 6884004 a multiple of 475?
False
Is 291360839 a multiple of 19?
True
Is 487016962 a multiple of 6?
False
Is 46885464 a multiple of 1111?
False
Is 21 a factor of 12339956?
False
Is 12810496 a multiple of 103?
False
Is 823134833 a multiple of 110?
False
Is 254 a factor of 3315208?
True
Is 846543623 a multiple of 2537?
True
Is 35629430 a multiple of 10?
True
Is 26773784 a multiple of 3?
False
Does 25 divide 5538040?
False
Does 3524 divide 342973300?
True
Is 8051370 a multiple of 10?
True
Is 233 a factor of 14553933?
False
Does 372 divide 377810539?
False
Is 29 a factor of 16848214?
False
Is 711 a factor of 141983001?
False
Does 105 divide 1134180777?
False
Is 417531174 a multiple of 73?
False
Is 8 a factor of 28167728?
True
Is 359 a factor of 876454343?
True
Is 3 a factor of 111589375?
False
Does 27 divide 8661951?
True
Is 67255617 a multiple of 211?
True
Is 3860109 a multiple of 33?
True
Does 43 divide 3056096?
True
Does 634 divide 392977292?
True
Is 157362344 a multiple of 1592?
False
Is 1662 a factor of 24301764?
True
Does 3423 divide 35737452?
False
Is 29 a factor of 10234970?
True
Is 199 a factor of 112903658?
False
Is 288 a factor of 2324070144?
True
Is 375846120 a multiple of 2340?
True
Is 49 a factor of 40161429?
True
Is 123345079 a multiple of 143?
True
Does 225 divide 930192164?
False
Is 417 a factor of 19973524?
False
Is 1059 a factor of 734298172?
False
Is 116 a factor of 14435951?
False
Is 80026385 a multiple of 726?
False
Is 6211336 a multiple of 41?
True
Is 13 a factor of 320063003?
True
Is 826 a factor of 52509263?
False
Is 307 a factor of 59192977?
True
Is 3010 a factor of 478364250?
True
Does 226 divide 248980358?
True
Is 63397700 a multiple of 25?
True
Is 28518367 a multiple of 68?
False
Does 218 divide 419432491?
False
